{"id":11,"date":"2012-11-19T13:16:48","date_gmt":"2012-11-19T13:16:48","guid":{"rendered":"https:\/\/koel.at\/?page_id=11"},"modified":"2012-11-19T13:38:10","modified_gmt":"2012-11-19T13:38:10","slug":"grundsatzerklarung","status":"publish","type":"page","link":"http:\/\/koel.at\/?page_id=11","title":{"rendered":"Grundsatzerkl\u00e4rung"},"content":{"rendered":"<p>Die Corporationen des \u201eAkademischen Bundes katholisch-\u00f6sterrei\u00adchi\u00adscher Landsmannschaften\u201c sind farbentragende, katholische Studen\u00adtenverbindungen, deren Mitgliedschaft von jedem erworben werden kann, der die statutenm\u00e4\u00dfigen Bedingungen erf\u00fcllt und bereit ist, f\u00fcr \u00d6sterreich einzutreten und unsere Bestrebungen f\u00fcr eine Integration Europas zu unterst\u00fctzen.<\/p>\n<p>&nbsp;<\/p>\n<p>Die Corporationen des \u201eAkademischen Bundes katholisch-\u00f6sterrei\u00adchi\u00adscher Landsmannschaften\u201c bejahen die Demokratie, sind jedoch \u00fcberparteilich und der Ansicht, dass der Staat von heute mehr denn je einer Spitze bedarf, die von allen Staatsb\u00fcrgern geehrt und geachtet wird, was nur m\u00f6glich ist, wenn sie ihrem Wesen nach \u00fcber den Parteien- und Gruppeninteressen steht.<\/p>\n<p>&nbsp;<\/p>\n<p>Die Corporationen des \u201eAkademischen Bundes katholisch-\u00f6sterrei\u00adchi\u00adscher Landsmannschaften\u201c verlangen von ihren Mitgliedern, dass sie keiner Organisation angeh\u00f6ren, deren Zielsetzungen mit folgenden Grunds\u00e4tzen im Widerspruch stehen:<\/p>\n<p>&nbsp;<\/p>\n<p style=\"text-align: center;\"><strong>KATHOLISCHER GLAUBE<\/strong><\/p>\n<p style=\"text-align: center;\"><strong>LEBENSFREUDSCHAFT<\/strong><\/p>\n<p style=\"text-align: center;\"><strong>WISSENSCHAFT<\/strong><\/p>\n<p style=\"text-align: center;\"><strong>HEIMAT und VATERLAND<\/strong><\/p>\n<p>&nbsp;<\/p>\n<p>Wir bekennen uns zum katholischen Glauben und treten f\u00fcr eine stete Verlebendigung des katholischen Gedankengutes ein.<\/p>\n<p>&nbsp;<\/p>\n<p>Wir verstehen unter Lebensfreundschaft die Hilfe und das Eintreten unserer Mitglieder f\u00fcreinander, um unsere Prinzipien zu st\u00e4rken und ihnen zum Durchbruch zu verhelfen.<\/p>\n<p>&nbsp;<\/p>\n<p>Wissenschaft bedeutet f\u00fcr uns die Verpflichtung zu fundierter akademischer Berufsausbildung, zu echter verantwortungsbewusster Wahrheitsfindung und zum Eintreten hierf\u00fcr, dass unsere Hochschulen Pflegest\u00e4tten der Wissenschaft im \u00f6sterreichischen Geist bleiben.<\/p>\n<p>&nbsp;<\/p>\n<p>Wir bekennen uns zu einem unabh\u00e4ngigen \u00f6sterreichischen Staat und zur v\u00f6lkerverbindenden Kraft der \u00f6sterreichischen Idee.<\/p>\n<p>&nbsp;<\/p>\n<p>Wir wollen die gro\u00dfe Vergangenheit und die kulturelle Leistung \u00d6sterreichs verteidigen, nicht zuletzt um der gro\u00dfen fort\u00adwirkenden Mission des Hauses \u201e\u00d6sterreich\u201c Anerkennung zu verschaffen.<\/p>\n<p>&nbsp;<\/p>\n<p>Wir glauben an \u00d6sterreichs Zukunft in einem integrierten Europa.<strong> <\/strong><\/p>\n","protected":false},"excerpt":{"rendered":"<p>Die Corporationen des \u201eAkademischen Bundes katholisch-\u00f6sterrei\u00adchi\u00adscher Landsmannschaften\u201c sind farbentragende, katholische Studen\u00adtenverbindungen, deren Mitgliedschaft von jedem erworben werden kann, der die statutenm\u00e4\u00dfigen Bedingungen erf\u00fcllt und bereit ist, f\u00fcr \u00d6sterreich einzutreten und unsere Bestrebungen f\u00fcr eine Integration Europas zu unterst\u00fctzen. &nbsp; Die Corporationen des \u201eAkademischen Bundes katholisch-\u00f6sterrei\u00adchi\u00adscher Landsmannschaften\u201c bejahen die Demokratie, sind jedoch \u00fcberparteilich und der Ansicht, &#8230; <a href=\"http:\/\/koel.at\/?page_id=11\">Continue Reading<\/a><\/p>\n","protected":false},"author":1,"featured_media":0,"parent":5,"menu_order":0,"comment_status":"closed","ping_status":"closed","template":"","meta":{"footnotes":""},"class_list":["post-11","page","type-page","status-publish","hentry"],"_links":{"self":[{"href":"http:\/\/koel.at\/index.php?rest_route=\/wp\/v2\/pages\/11","targetHints":{"allow":["GET"]}}],"collection":[{"href":"http:\/\/koel.at\/index.php?rest_route=\/wp\/v2\/pages"}],"about":[{"href":"http:\/\/koel.at\/index.php?rest_route=\/wp\/v2\/types\/page"}],"author":[{"embeddable":true,"href":"http:\/\/koel.at\/index.php?rest_route=\/wp\/v2\/users\/1"}],"replies":[{"embeddable":true,"href":"http:\/\/koel.at\/index.php?rest_route=%2Fwp%2Fv2%2Fcomments&post=11"}],"version-history":[{"count":3,"href":"http:\/\/koel.at\/index.php?rest_route=\/wp\/v2\/pages\/11\/revisions"}],"predecessor-version":[{"id":13,"href":"http:\/\/koel.at\/index.php?rest_route=\/wp\/v2\/pages\/11\/revisions\/13"}],"up":[{"embeddable":true,"href":"http:\/\/koel.at\/index.php?rest_route=\/wp\/v2\/pages\/5"}],"wp:attachment":[{"href":"http:\/\/koel.at\/index.php?rest_route=%2Fwp%2Fv2%2Fmedia&parent=11"}],"curies":[{"name":"wp","href":"https:\/\/api.w.org\/{rel}","templated":true}]}}