{"id":16,"date":"2012-11-19T13:21:09","date_gmt":"2012-11-19T13:21:09","guid":{"rendered":"https:\/\/koel.at\/?page_id=16"},"modified":"2012-12-13T21:21:29","modified_gmt":"2012-12-13T21:21:29","slug":"16-2","status":"publish","type":"page","link":"http:\/\/koel.at\/?page_id=16","title":{"rendered":"Standarte"},"content":{"rendered":"<p style=\"text-align: justify;\" align=\"center\">Anl\u00e4sslich der Feier \u201e55 Jahre Landsmannschaft\u201c wurde die Standarte des Akademischen Bundes katholisch-\u00f6sterreichischer Landsmannschaften 1988 von Bischof DDr. Stefan L\u00e1szl\u00f3 (Lp) geweiht, als Fahnenpatin fungierte Erzherzogin Regina von \u00d6sterreich, geborene Prinzessin von Sachsen-Meiningen und Gattin des Obersten Bandinhabers. Als Vorlage diente die Fahne der k. k. Trabantenleibgarde. Auf der Vorderseite ist auf gelbem Grund der kaiserliche Doppeladler zu sehen, in dessen Schild die Krone des Hl. R\u00f6mischen Reichs als Verk\u00f6rperung einer supranationalen Staatsidee und der goldene Bundeszirkel zu sehen sind. Unter dem Wappen ist auf halbovaler Banderole der Bundesname zu lesen. Die R\u00fcckseite zeigt in wei\u00dfem Feld die stilisierte Darstellung der Mariazeller Muttergottes, umgeben von 12 marianischen Goldsternen, die auch in der Europafahne zu finden sind. Beide Bl\u00e4tter werden von schwarz-gelb und wei\u00df-roten Flammenbord\u00fcren eingefasst. Das Wappen wurde vom bekannten Heraldiker und Archivar Hanns J\u00e4ger v. Sunstenau entworfen, die aufw\u00e4ndigen Stickarbeiten erfolgten durch die Benediktinerinnen des Unbefleckten Herzens Mari\u00e4 in Steinakirchen\/Traun.<\/p>\n<p style=\"text-align: right;\"><em>(PhDr. Dr. Gregor Gatscher-Riedl, MPA)<\/em><\/p>\n<p>&nbsp;<\/p>\n<p>&nbsp;<\/p>\n<p><img decoding=\"async\" class=\"aligncenter\" src=\"images\/KOEL_standarte_front2.jpg\" alt=\"\" \/><\/p>\n<p>&nbsp;<\/p>\n<p>&nbsp;<\/p>\n<p><img decoding=\"async\" class=\"aligncenter\" src=\"images\/KOEL_standarte_back4.jpg\" alt=\"\" \/><\/p>\n","protected":false},"excerpt":{"rendered":"<p>Anl\u00e4sslich der Feier \u201e55 Jahre Landsmannschaft\u201c wurde die Standarte des Akademischen Bundes katholisch-\u00f6sterreichischer Landsmannschaften 1988 von Bischof DDr. Stefan L\u00e1szl\u00f3 (Lp) geweiht, als Fahnenpatin fungierte Erzherzogin Regina von \u00d6sterreich, geborene Prinzessin von Sachsen-Meiningen und Gattin des Obersten Bandinhabers. Als Vorlage diente die Fahne der k. k. Trabantenleibgarde. Auf der Vorderseite ist auf gelbem Grund der &#8230; <a href=\"http:\/\/koel.at\/?page_id=16\">Continue Reading<\/a><\/p>\n","protected":false},"author":1,"featured_media":0,"parent":5,"menu_order":0,"comment_status":"closed","ping_status":"closed","template":"","meta":{"footnotes":""},"class_list":["post-16","page","type-page","status-publish","hentry"],"_links":{"self":[{"href":"http:\/\/koel.at\/index.php?rest_route=\/wp\/v2\/pages\/16","targetHints":{"allow":["GET"]}}],"collection":[{"href":"http:\/\/koel.at\/index.php?rest_route=\/wp\/v2\/pages"}],"about":[{"href":"http:\/\/koel.at\/index.php?rest_route=\/wp\/v2\/types\/page"}],"author":[{"embeddable":true,"href":"http:\/\/koel.at\/index.php?rest_route=\/wp\/v2\/users\/1"}],"replies":[{"embeddable":true,"href":"http:\/\/koel.at\/index.php?rest_route=%2Fwp%2Fv2%2Fcomments&post=16"}],"version-history":[{"count":10,"href":"http:\/\/koel.at\/index.php?rest_route=\/wp\/v2\/pages\/16\/revisions"}],"predecessor-version":[{"id":18,"href":"http:\/\/koel.at\/index.php?rest_route=\/wp\/v2\/pages\/16\/revisions\/18"}],"up":[{"embeddable":true,"href":"http:\/\/koel.at\/index.php?rest_route=\/wp\/v2\/pages\/5"}],"wp:attachment":[{"href":"http:\/\/koel.at\/index.php?rest_route=%2Fwp%2Fv2%2Fmedia&parent=16"}],"curies":[{"name":"wp","href":"https:\/\/api.w.org\/{rel}","templated":true}]}}